ctors of o.
2
Suppose -10 = -3*t + t, 2*z - 254 = 2*t. Suppose 0 = -0*m + 3*m - z. List the prime factors of m.
2, 11
Let u(b) = b**3 - 2*b**2 + b + 46. What are the prime factors of u(0)?
2, 23
Let p(b) = 5*b**2 - 4*b - 4. Let x(q) = -q**2 + q. Let g(w) = -p(w) - 6*x(w). What are the prime factors of g(5)?
19
Suppose 12*b - 11*b = 32. Suppose -c - 5*s = -b, s - 96 = -3*c - 0*s. List the prime factors of c.
2
Suppose 0*r + 24 = -4*r. Let v be (9/r)/((-4)/(-8)). What are the prime factors of -7*(v/1 + 2)?
7
List the prime factors of (-6)/(-1)*27/6.
3
List the prime factors of ((-225)/(-3) - -3) + -2.
2, 19
Let j = -3 - -2. List the prime factors of (-3)/(-9)*(-27)/j.
3
Suppose 2691 = -2*n + 11*n. What are the prime factors of n?
13, 23
Suppose 0*a + 417 = 4*a - 3*r, -a - 2*r + 96 = 0. List the prime factors of a.
2, 3, 17
Suppose 0 = -5*s - 64 + 204. List the prime factors of s.
2, 7
Let v = 6 + 13. List the prime factors of v.
19
Suppose 3*t - 74 + 374 = 4*i, 3*i = 5*t + 225. What are the prime factors of i?
3, 5
Let z be ((-6)/10)/((-2)/10). Suppose 2*y = -n + 11, 2 = -z*y - 1. List the prime factors of n.
13
Let o be 26*((-36)/8)/(-9). Let n be ((-6)/2)/(0 + -1). Suppose -n*p + 11 = -o. List the prime factors of p.
2
Suppose 2*a + 0 = 18. List the prime factors of a.
3
Suppose 3*p + 863 + 79 = 4*n, -p = -5*n + 1183. What are the prime factors of n?
3, 79
List the prime factors of 6/(-4)*514/(-3).
257
Suppose 2 = c - 0. Let v(k) = -5 - c + k**2 - 8*k + 3. What are the prime factors of v(9)?
5
Let j(u) = -27*u + 8. List the prime factors of j(-3).
89
Let x = 33 + 25. List the prime factors of x.
2, 29
Let g(o) be the first derivative of -2*o**2 + o + 3. Let j be g(-1). Suppose 0 = -j*r + 59 - 9. List the prime factors of r.
2, 5
Suppose 5*b + 20 = 3*f, 0*b + 4*f - 23 = 3*b. Let o(c) = -11*c. List the prime factors of o(b).
11
What are the prime factors of (20/(-30))/((-4)/126)?
3, 7
Suppose -m + 18 = 2*m. Let a = 34 - m. List the prime factors of a.
2, 7
Let d(h) = h + 15. Suppose 0 = -5*a - 13 - 12. What are the prime factors of d(a)?
2, 5
Let r = 637 - 408. What are the prime factors of r?
229
What are the prime factors of -3 + 0 - (-632)/((-12)/(-3))?
5, 31
Suppose -4*h + 162 + 274 = 4*x, 0 = -4*h - 2*x + 436. List the prime factors of h.
109
Suppose -8*i = -9*i + 24. Let y = 31 + i. What are the prime factors of y?
5, 11
Let p be (-245)/(-10) - 1/(-2). Let b = p + -37. Let g = b + 17. What are the prime factors of g?
5
Suppose a = m - 12, 2*m + 4*a + 55 = 7*m. What are the prime factors of m?
7
Suppose 0*m + 2*m = 2*v - 4, 5*v = -4*m + 10. Suppose 3 = -v*z + 11. Suppose -4 = -z*i + 40. What are the prime factors of i?
11
Suppose -2 = -2*p + 2*n, -3 - 4 = -3*p + 2*n. Suppose -11 = -4*q - 3*w - 1, -q + p*w + 14 = 0. Suppose -q = 2*z - 22. List the prime factors of z.
3
Suppose 0 = v - 2, 0 = q - 0*q - v + 14. List the prime factors of 16/q*78/(-4).
2, 13
Let i(s) be the second derivative of -s**4/12 - 5*s**3/6 + 2*s**2 - s. List the prime factors of i(-3).
2, 5
Suppose -6*d = -5*d - 51. List the prime factors of d.
3, 17
Let m(y) = -y**3 - 18*y**2 - 5*y - 23. What are the prime factors of m(-18)?
67
Let k = -7 + 12. Suppose -13 = -2*g + k. What are the prime factors of g?
3
Suppose 4*v = v + 15. Suppose 0 = -2*f - 1 + v. What are the prime factors of f?
2
Let v(l) = 3*l + 12. What are the prime factors of v(12)?
2, 3
Let c(s) = s**3 + 5*s**2 - 5*s. Let h be c(-6). Let v be (-1)/(-6) - (-7)/h. Let o = v + 6. List the prime factors of o.
5
Suppose -8*i + 3*i = -175. What are the prime factors of i?
5, 7
Let h(q) = q**3 + 6*q**2 + q - 4. Let r be h(-6). Let c be 12*(r/4 - -3). What are the prime factors of 6/4*(4 + c)?
3, 5
Let z(t) = -t**3 + 6*t**2 - t - 1. Let b be z(6). What are the prime factors of 0 - (3 - 1)*b?
2, 7
Let t(i) = -i**3 - 8*i**2 - i - 7. Let j be t(-9). Suppose -4*h = -109 - j. List the prime factors of h.
2, 3
Suppose 2*t + 22 = 120. What are the prime factors of t?
7
Suppose -2*g + 82 = f + f, 0 = -g - 5*f + 37. What are the prime factors of g?
2, 3, 7
Let x = 141 + -124. List the prime factors of x.
17
Suppose 0 = w - 3*w + 8. Suppose w*v = 2*v. Suppose v = 6*z - 2*z - 32. List the prime factors of z.
2
Let t(j) = -j**2 - 8*j + 7. List the prime factors of t(-7).
2, 7
Suppose 5*d = -5*w + 2*d + 23, d + 19 = 5*w. Let z = 1 + w. List the prime factors of z.
5
Suppose -2*l + 0*l = 4. Let r(q) be the first derivative of 4*q**3/3 + 3*q**2/2 + 3*q - 10. List the prime factors of r(l).
13
Let p(c) = -15*c + 2. Let w be p(-7). Suppose -2*m - 5*j = -w, 4*j + 228 = 4*m - 0*j. List the prime factors of m.
2, 7
Suppose 5*n - 10 - 25 = 0. Suppose 5 + n = 4*i. Suppose -a + 0*a = 5*l - 5, 7 = a + i*l. List the prime factors of a.
2, 5
Let x = -5 + 10. Suppose -3*u - g + 11 = 0, -x*u + g = -4*g - 5. Suppose 5*b = -4*c + 20, -19 = -4*b - c - u. What are the prime factors of b?
2
Let z(q) = 5*q + 3. Let p(v) = 15*v + 9. Let j(f) = 2*p(f) - 7*z(f). What are the prime factors of j(-4)?
17
Let a(v) = -v**2 + 6*v + 1. Let u(h) = 1 - 4 + 3*h - 2*h. Let i be u(7). List the prime factors of a(i).
3
Let l be 1/2 + 186/12. Let r = l + -6. List the prime factors of r.
2, 5
Let g(q) = q**3 - 2*q**2 - 2*q + 4. Let m be g(3). Let o = m + -7. Suppose 5*z - 4*v - 43 = o, -2*z + 5*v + 33 = 9. List the prime factors of z.
7
Let o(q) = -q**2 - 7*q - 7. Let a be o(-5). Suppose -f + 4*c = 1 - 5, a*c + 4 = f. List the prime factors of f.
2
List the prime factors of (-258)/(-3) + 4*-1.
2, 41
Let x be (59/5 - 1)*5. Suppose -x - 74 = -4*f. Suppose 0 = 3*m + r + 4*r - f, 0 = 4*m - r - 35. List the prime factors of m.
3
Let m = -84 - -186. What are the prime factors of m?
2, 3, 17
Let k = 10 - 26. Let g = k + 28. List the prime factors of g.
2, 3
Let u = 4 - 2. Suppose -u*x + 1 = -3. What are the prime factors of (3/6)/(x/48)?
2, 3
Suppose -x - 77 = -166. What are the prime factors of x?
89
Suppose -2*v + 27 = -v. List the prime factors of v.
3
Let h = 3 + -1. Suppose -4*s = h*u - 40, -2*u = -4*s + 3*s - 25. What are the prime factors of u?
2, 7
Let t = 18 + 85. What are the prime factors of t?
103
Let x = 44 - 27. Suppose -3*q + x = 2*c, 12 = 2*c + c. Suppose 0 = -q*f + 14 + 13. What are the prime factors of f?
3
Suppose -b + 5*b = -64. Let a(s) = 5*s - 1. Let v(z) = -26*z + 4. Let o(j) = b*a(j) - 3*v(j). What are the prime factors of o(-4)?
2, 3
Let s = 63 - -66. What are the prime factors of s?
3, 43
Let k be ((-22)/(-5))/(5/25). Let n be (-1 + 3/2)*k. Suppose 1 = -u + n. List the prime factors of u.
2, 5
Let w = 52 - 16. List the prime factors of w.
2, 3
Let t(z) = -6*z - 6 + z + 15*z - z**2. List the prime factors of t(9).
3
Let s(x) = 6*x**3 - 1. Let r be s(1). Suppose -6*l + r*l + 11 = 0. What are the prime factors of l?
11
Let v be (2/(-4))/(2/20). Let w(b) = -b**2 - 14*b + 22. Let d be w(-15). Let a = d - v. List the prime factors of a.
2, 3
Suppose -l + 3*y - 424 = -6*l, 0 = l - 2*y - 90. What are the prime factors of l?
2, 43
What are the prime factors of ((-129)/12)/(38/40 - 1)?
5, 43
Suppose 9 = -2*z - 3. Suppose -30 = -l - 4*l. List the prime factors of (-25)/z + (-1)/l.
2
Suppose -3*c - 1 = 5. What are the prime factors of 2*((-17)/c - 2)?
13
Let o(y) = y**2 - 2*y + 2. Let t be o(-5). Suppose 2*d + 4*a - 32 = d, t = d + 3*a. Suppose 4*j = d + 4. List the prime factors of j.
2, 7
Let x(g) = g + 8. Let z be 1/6 + (-74)/12. What are the prime factors of x(z)?
2
List the prime factors of (-159)/(-6) + 2/4.
3
Let f(i) = 3*i**2 - 2*i - 1. Let n be f(3). Suppose -y + 3*r = -21, -n = -2*y - 2*r + 6. What are the prime factors of y?
3, 5
Let c be (37 - 0 - 1) + 0. Suppose 0 = 4*j - 4*r - c, 75 = 2*j + 3*j + 5*r. What are the prime factors of j?
2, 3
Suppose l - 109 = 5*y, 3*y - 346 = -5*l + 115. List the prime factors of l.
2, 47
Suppose 2*l = -5*q - 62, -2*q - 3*q = 5*l + 170. Let d be 104/(-18) + 8/l. What are the prime factors of 14/6 - 4/d?
3
Suppose -3*z + 3*i = -4*z - 4, -2*i - 8 = z. Suppose 2 + 2 = -s - w, -5*s = -3*w + 4. Let f = s - z. What are the prime factors of f?
2, 7
Suppose -257 - 146 = -3*x + t, 0 = 2*x + 5*t - 297. What are the prime factors of x?
2, 17
Let m = 6 - 3. Let i = m + -1. Let j = i - 0. List the prime factors of j.
2
Suppose